 4.
131333223203
-116c76 (base 14) to base 4
-2101103120
What is 6104722 (base 8) in base 14?
2dc0b8
-2021404 (base 6) to base 12
-47864
Convert -101101000110011110001 (base 2) to base 12.
-5b3301
What is -237826 (base 12) in base 6?
-20141250
Convert -8724556 (base 9) to base 12.
-1699159
3230201 (base 9) to base 13
488614
What is -247047 (base 9) in base 8?
-443760
-441426 (base 8) to base 15
-2ddd1
Convert 9974a (base 12) to base 9.
338714
568808 (base 13) to base 6
111511435
What is -19a31 (base 14) in base 11?
-44a16
Convert 3011425 (base 6) to base 9.
235258
What is 262060604 (base 7) in base 15?
17044e2
Convert b42970 (base 13) to base 10.
4204473
Convert 872a68 (base 12) to base 13.
59c549
22111111100202 (base 3) to base 14
858295
Convert 6ae2 (base 16) to base 7.
142526
What is 107608a (base 11) in base 7?
21666160
Convert 1440210 (base 5) to base 2.
111011111011000
What is -a764a (base 15) in base 4?
-2001231133
What is -1444551 (base 6) in base 2?
-10100100000110011
Convert 2a546 (base 16) to base 10.
173382
What is 46455 (base 8) in base 16?
4d2d
Convert 60285 (base 16) to base 6.
12235233
Convert -320421124 (base 5) to base 12.
-548787
-254152403 (base 6) to base 2
-10010111011000001110011
What is -378b6 (base 14) in base 7?
-1105016
Convert -31100012121 (base 4) to base 10.
-3473817
What is 234050 (base 8) in base 2?
10011100000101000
What is -68675 (base 10) in base 2?
-10000110001000011
-4224144 (base 5) to base 14
-1b9d3
Convert 783886 (base 9) to base 10.
468744
100101100001001000011 (base 2) to base 14
24004b
What is -1426420 (base 8) in base 9?
-676184
204100130 (base 6) to base 10
3553686
-237167 (base 9) to base 15
-2c5a1
What is -83625 (base 16) in base 4?
-2003120211
-1010101100111101001000 (base 2) to base 7
-32563344
Convert 980a42 (base 11) to base 15.
20e82d
Convert -2064026 (base 7) to base 11.
-16171a
Convert 1001011100001101101 (base 2) to base 13.
aaa69
What is 259960 (base 15) in base 2?
110111000100001001101
What is -208b97a (base 12) in base 10?
-6158254
What is -1102681 (base 9) in base 4?
-2100221323
What is -23473726 (base 9) in base 8?
-53521652
-214344265 (base 7) to base 3
-220020122021201
100010001000010011 (base 2) to base 16
22213
3800a4 (base 11) to base 8
2224513
What is 112111020122002 (base 3) in base 12?
26b4648
What is -15b799b (base 12) in base 9?
-8365072
2114954 (base 10) to base 9
3873148
What is a7a148 (base 11) in base 8?
6454020
Convert -377c7 (base 13) to base 10.
-102408
What is -14b370 (base 12) in base 2?
-1010101110001000100
1111110010011001110 (base 2) to base 8
1762316
Convert 1544031 (base 6) to base 15.
1c21d
Convert -23a62 (base 12) to base 15.
-e415
What is -101020002102 (base 3) in base 6?
-4151445
What is 206532651 (base 7) in base 9?
25168440
Convert -235322 (base 6) to base 2.
-101000010100010
1222010200111 (base 3) to base 2
11111111010101111101
What is -9a630 (base 15) in base 4?
-1313310102
Convert -16343120 (base 8) to base 10.
-3786320
-1ed33 (base 15) to base 4
-120213300
Convert 1222200103 (base 4) to base 16.
6a813
What is 223342042 (base 5) in base 9?
1777866
Convert -210022100001 (base 3) to base 5.
-101410134
What is 244344324 (base 5) in base 3?
2012101011201
Convert 113345620 (base 7) to base 16.
6adccb
What is 544823 (base 12) in base 3?
2111211112200
Convert -80185 (base 9) to base 2.
-1100110110100110
What is 1331442040 (base 5) in base 10?
3390270
Convert -25523630 (base 7) to base 16.
-237c08
11222122112002 (base 3) to base 8
12070267
What is 825735 (base 11) in base 15?
1b29da
Convert 1651757 (base 8) to base 6.
14143155
24655404 (base 7) to base 3
11012102100010
Convert -10154215 (base 6) to base 4.
-1020003203
2110022220222 (base 3) to base 5
313234314
-23410 (base 6) to base 8
-6476
Convert -100010000001011 (base 2) to base 15.
-5264
Convert 4a288 (base 15) to base 11.
151a29
-27602452 (base 9) to base 2
-110100000010100110100100
Convert -10111000111000001011001 (base 2) to base 12.
-20419b5
-3010244 (base 7) to base 15
-704d8
230754 (base 8) to base 7
444220
Convert -191638 (base 10) to base 5.
-22113023
-55078 (base 16) to base 12
-149674
-1302151 (base 6) to base 4
-101031103
Convert -1173410 (base 8) to base 4.
-1033130020
Convert 9980a (base 12) to base 4.
301221022
8a01 (base 12) to base 13
6c43
Convert -2013114103 (base 5) to base 14.
-770960
Convert 557706 (base 13) to base 2.
111101100001001011110
Convert -195cd0 (base 15) to base 16.
-12d752
-141466 (base 8) to base 13
-19992
Convert -260611 (base 8) to base 14.
-24da9
What is 6999871 (base 10) in base 13?
15b1148
Convert -3015602 (base 7) to base 2.
-1010111001111101111
-8d6fe (base 16) to base 14
-1111a6
Convert -100110011100101100011 (base 2) to base 8.
-4634543
-3632320 (base 10) to base 9
-6745541
What is 30010330303 (base 4) in base 7?
35624221
What is -2278a14 (base 11) in base 6?
-221144000
What is -252041144 (base 6) in base 12?
-17631b4
-2c83d (base 15) to base 8
-430370
Convert -203ea (base 16) to base 7.
-1060025
What is 3445565 (base 7) in base 9?
727262
1ce47a (base 16) to base 11
1083682
29fa2 (base 16) to base 14
46934
6c7462 (base 15) to base 3
100202121002202
What is 14a1598 (base 11) in base 12?
a37b0a
111101001010001010110101 (base 2) to base 12
5452045
3310c0 (base 15) to base 10
2433555
62115c (base 13) to base 4
20232123123
Convert -7110416 (base 8) to base 10.
-1872142
Convert 110101010111100001111 (base 2) to base 9.
3254746
What is -110367 (base 9) in base 10?
-65914
What is -165404 (base 9) in base 5?
-11234023
Convert a6999d (base 16) to base 7.
161542532
What is -13214306 (base 7) in base 14?
-238606
5254513 (base 7) to base 13
19333c
What is -121112101211 (base 3) in base 4?
-1033130302
What is -3041243330 (base 5) in base 10?
-6196715
What is -166269 (base 10) in base 2?
-101000100101111101
Convert 36013 (base 15) to base 14.
46a3d
Convert 1929511 (base 10) to base 4.
13113010213
Convert 11000010010100011011100 (base 2) to base 5.
3112224302
Convert a14c6 (base 16) to base 15.
d0b53
23333131 (base 4) to base 12
24511
What is -1001040012 (base 5) in base 12?
-7b0935
124784 (base 9) to base 12
379aa
Convert 3015061 (base 7) to base 8.
1271362
Convert -33116256 (base 7) to base 15.
-3b2e56
408a3 (base 15) to base 6
4214313
Convert 248858 (base 10) to base 4.
330300122
What is 1532001 (base 7) in base 5?
23201244
Convert 2102233113 (base 4) to base 12.
24b9b3
-59a488 (base 11) to base 14
-1aa786
Convert -191a6 (base 15) to base 9.
-133563
What is 20211003 (base 4) in base 9?
53173
What is 3103440 (base 5) in base 7?
300134
What is 3563165 (base 7) in base 16?
6e7a1
What is -616a0 (base 11) in base 9?
-146424
Convert -155273 (base 10) to base 9.
-255885
3341312 (base 5) to base 3
2222212121
Convert -5c1d3c (base 15) to base 10.
-4410732
Convert -190332 (base 12) to base 5.
-102422201
Convert 2211210000211 (base 3) to base 8.
5607507
f273 (base 16) to base 7
345645
21fb3 (base 16) to base 6
2552215
What is -270801 (base 10) in base 8?
-1020721
Convert 5bc36 (base 16) to base 14.
9ad94
Convert 1c83c (base 14) to base 12.
36286
Convert 31b310 (base 15) to base 2.
1001000001110001100101
-150568 (base 9) to base 10
-92321
-23080a (base 13) to base 12
-34013b
Convert 2955a (base 15) to base 8.
403343
-6343284 (base 10) to base 11
-3642892
What is 168271 (base 11) in base 14?
6a9bb
Convert 1276409 (base 10) to base 16.
1379f9
What is -42c1 (base 15) in base 3?
-201101101
What is -4140041 (base 5) in base 3?
-10110110221
Convert -476869 (base 10) to base 5.
-110224434
Convert 25bb03 (base 13) to base 7.
10514126
Convert 3633464 (base 7) to base 2.
1110000110110110111
What is c5171 (base 16) in base 4?
3011011301
Convert 27401 (base 11) to base 8.
114254
What is -23132353 (base 6) in base 12?
-2a40b9
-200211013 (base 5) to base 14
-1673a2
Convert -80559 (base 16) to base 10.
-525657
-2201035 (base 6) to base 12
-5317b
-355022 (base 10) to base 8
-1265316
Convert 34430a (base 12) to base 10.
836794
-12220010010 (base 3) to base 7
-662115
21213203 (base 4) to base 10
39395
Convert 3464312 (base 7) to base 13.
12366b
327c2 (base 13) to base 7
530345
What is -5500a (base 15) in base 9?
-451341
1313858 (base 11) to base 3
11021112212021
-79173 (base 11) to base 2
-1101111111